{"id":4713,"date":"2018-08-24T18:01:08","date_gmt":"2018-08-24T21:01:08","guid":{"rendered":"http:\/\/www.sincomerciovc.com.br\/v3\/?page_id=4713"},"modified":"2025-10-24T09:22:10","modified_gmt":"2025-10-24T12:22:10","slug":"institucional","status":"publish","type":"page","link":"https:\/\/www.sincomerciovc.com.br\/v3\/institucional\/","title":{"rendered":"Institucional"},"content":{"rendered":"<p><img decoding=\"async\" loading=\"lazy\" class=\"wp-image-4684 alignright\" src=\"http:\/\/www.sincomerciovc.com.br\/v3\/wp-content\/uploads\/2018\/08\/sincomercio-salao-eventos-31-300x150.jpg\" alt=\"\" width=\"252\" height=\"126\" srcset=\"https:\/\/www.sincomerciovc.com.br\/v3\/wp-content\/uploads\/2018\/08\/sincomercio-salao-eventos-31-300x150.jpg 300w, https:\/\/www.sincomerciovc.com.br\/v3\/wp-content\/uploads\/2018\/08\/sincomercio-salao-eventos-31.jpg 620w\" sizes=\"(max-width: 252px) 100vw, 252px\" \/>O Sindicato do Com\u00e9rcio Varejista e Atacadista de Vit\u00f3ria da Conquista, fundado em 20 de maio de 1985, pertence ao Sistema Confederativo da Representa\u00e7\u00e3o Sindical do com\u00e9rcio (Sicom\u00e9rcio) que integra as entidades: Confedera\u00e7\u00e3o Nacional do Com\u00e9rcio de Bens, Servi\u00e7os e Turismo (CNC) que administra o Servi\u00e7o Social do Com\u00e9rcio (Sesc) e o Servi\u00e7o Nacional de Aprendizagem Comercial (Senac) e as federa\u00e7\u00f5es estaduais como a Federa\u00e7\u00e3o do Com\u00e9rcio do Estado da Bahia (Fecom\u00e9rcio &#8211; BA).<\/p>\n<p>.A principal finalidade do Sindicato \u00e9 a representa\u00e7\u00e3o legal da categoria. Sem a exist\u00eancia do Sindicato \u00e9 imposs\u00edvel a formaliza\u00e7\u00e3o das Conven\u00e7\u00f5es Coletivas de Trabalho, realizadas anualmente, as quais, gra\u00e7as a exaustivas rodadas de negocia\u00e7\u00f5es, t\u00eam sido firmadas de forma a conciliar os interesses de empres\u00e1rios e trabalhadores.<\/p>\n<p>O Sindicato mant\u00e9m Consultoria Jur\u00eddica para orienta\u00e7\u00e3o dos seus associados. Em conv\u00eanio com o SENAC, mant\u00e9m o Centro de Forma\u00e7\u00e3o Profissional com diversos cursos profissionalizantes que s\u00e3o ministrados a pre\u00e7os reduzidos ou mesmo gratuitamente, por instrutores credenciados.<\/p>\n<p>Durante sua exist\u00eancia, o Sindicato construiu um valioso patrim\u00f4nio, constitu\u00eddo por sua \u00a0sede social, o Centro de Forma\u00e7\u00e3o Profissional e um Sal\u00e3o de Eventos de alto n\u00edvel, constru\u00eddos com recursos pr\u00f3prios e com a colabora\u00e7\u00e3o valiosa dos empres\u00e1rios locais.<\/p>\n<p>A constru\u00e7\u00e3o do Centro de Forma\u00e7\u00e3o Profissional possibilitou a instala\u00e7\u00e3o do SENAC em nossa cidade. Durante sua atua\u00e7\u00e3o, desde 1996, j\u00e1 passaram por suas salas de aula e audit\u00f3rio mais de 270.000 alunos que participaram de cursos, oficinas, semin\u00e1rios e palestras. Em agosto de 2012 foi inaugurada a nova unidade educacional do Senac no anexo ao Centro de Forma\u00e7\u00e3o Profissional, possibilitando a implanta\u00e7\u00e3o, entre outros, de cursos de gastronomia e massoterapia, al\u00e9m de abrigar uma ampla e moderna biblioteca.<\/p>\n<p>Entre os in\u00fameros servi\u00e7os que o Sindicato vem prestando \u00e0 comunidade empresarial, conv\u00e9m destacar a vit\u00f3ria alcan\u00e7ada na cria\u00e7\u00e3o da Lei Municipal que\u00a0liberou o funcionamento do com\u00e9rcio em todos os dias e hor\u00e1rios da semana, inclusive aos domingos.<\/p>\n<p>Uma obra que nos d\u00e1 motivo de orgulho \u00e9, sem d\u00favida, o Centro de Atividades do SESC em Vit\u00f3ria da Conquista, inaugurado em julho de 1996. Este Centro \u00e9 o mais completo do interior da regi\u00e3o nordeste. Mais de 14.000 comerci\u00e1rios e seus familiares est\u00e3o inscritos gratuitamente na entidade, usufruindo de toda a sua infraestrutura.<\/p>\n<p><strong><span style=\"color: #800000;\"><a href=\"http:\/\/www.flickr.com\/photos\/sincomercio\/sets\/72157622665874733\/\" target=\"_blank\" rel=\"noopener\">Veja algumas fotos do Sincom\u00e9rcio:<\/a><\/span><\/strong><\/p>\n","protected":false},"excerpt":{"rendered":"<p>O Sindicato do Com\u00e9rcio Varejista e Atacadista de Vit\u00f3ria da Conquista, fundado em 20 de maio de 1985, pertence ao Sistema Confederativo da Representa\u00e7\u00e3o Sindical do com\u00e9rcio (Sicom\u00e9rcio) que integra as entidades: Confedera\u00e7\u00e3o Nacional do Com\u00e9rcio de Bens, Servi\u00e7os e Turismo (CNC) que administra o Servi\u00e7o Social do Com\u00e9rcio (Sesc) e o Servi\u00e7o Nacional de [&hellip;]<\/p>\n","protected":false},"author":2,"featured_media":0,"parent":0,"menu_order":0,"comment_status":"closed","ping_status":"closed","template":"","meta":[],"_links":{"self":[{"href":"https:\/\/www.sincomerciovc.com.br\/v3\/wp-json\/wp\/v2\/pages\/4713"}],"collection":[{"href":"https:\/\/www.sincomerciovc.com.br\/v3\/wp-json\/wp\/v2\/pages"}],"about":[{"href":"https:\/\/www.sincomerciovc.com.br\/v3\/wp-json\/wp\/v2\/types\/page"}],"author":[{"embeddable":true,"href":"https:\/\/www.sincomerciovc.com.br\/v3\/wp-json\/wp\/v2\/users\/2"}],"replies":[{"embeddable":true,"href":"https:\/\/www.sincomerciovc.com.br\/v3\/wp-json\/wp\/v2\/comments?post=4713"}],"version-history":[{"count":8,"href":"https:\/\/www.sincomerciovc.com.br\/v3\/wp-json\/wp\/v2\/pages\/4713\/revisions"}],"predecessor-version":[{"id":6601,"href":"https:\/\/www.sincomerciovc.com.br\/v3\/wp-json\/wp\/v2\/pages\/4713\/revisions\/6601"}],"wp:attachment":[{"href":"https:\/\/www.sincomerciovc.com.br\/v3\/wp-json\/wp\/v2\/media?parent=4713"}],"curies":[{"name":"wp","href":"https:\/\/api.w.org\/{rel}","templated":true}]}}