{"id":2398,"date":"2014-11-24T13:19:03","date_gmt":"2014-11-24T16:19:03","guid":{"rendered":"http:\/\/www.sincomerciovc.com.br\/v2\/?page_id=2398"},"modified":"2019-01-18T17:50:49","modified_gmt":"2019-01-18T20:50:49","slug":"contribuicao-sindical","status":"publish","type":"page","link":"https:\/\/www.sincomerciovc.com.br\/v3\/contribuicao-sindical\/","title":{"rendered":"Contribui\u00e7\u00e3o Sindical\/Contribui\u00e7\u00e3o Negocial"},"content":{"rendered":"<p style=\"text-align: center;\"><strong>ATEN\u00c7\u00c3O &#8211; <\/strong><span style=\"vertical-align: baseline; font-size: 10pt; outline-width: 0px; outline-style: initial; outline-color: initial; font-family: Arial, Helvetica, sans-serif; padding: 0px; margin: 0px; border: 0px initial initial;\"><br \/>\n<\/span><\/p>\n<p>Para emiss\u00e3o das Guias de Contribui\u00e7\u00e3o Sindical ou Contribui\u00e7\u00e3o Negocial, entre em contato com o Sincom\u00e9rciovc:<\/p>\n<p>contato@sincomerciovc.com.br<\/p>\n<p>77-3422-1233<\/p>\n<p style=\"vertical-align: baseline; font-size: 11px; outline-width: 0px; outline-style: initial; outline-color: initial; padding: 0px; margin: 0px; border: 0px initial initial;\">&#8211;<\/p>\n","protected":false},"excerpt":{"rendered":"<p>ATEN\u00c7\u00c3O &#8211; Para emiss\u00e3o das Guias de Contribui\u00e7\u00e3o Sindical ou Contribui\u00e7\u00e3o Negocial, entre em contato com o Sincom\u00e9rciovc: contato@sincomerciovc.com.br 77-3422-1233 &#8211;<\/p>\n","protected":false},"author":1,"featured_media":0,"parent":0,"menu_order":0,"comment_status":"closed","ping_status":"open","template":"","meta":[],"_links":{"self":[{"href":"https:\/\/www.sincomerciovc.com.br\/v3\/wp-json\/wp\/v2\/pages\/2398"}],"collection":[{"href":"https:\/\/www.sincomerciovc.com.br\/v3\/wp-json\/wp\/v2\/pages"}],"about":[{"href":"https:\/\/www.sincomerciovc.com.br\/v3\/wp-json\/wp\/v2\/types\/page"}],"author":[{"embeddable":true,"href":"https:\/\/www.sincomerciovc.com.br\/v3\/wp-json\/wp\/v2\/users\/1"}],"replies":[{"embeddable":true,"href":"https:\/\/www.sincomerciovc.com.br\/v3\/wp-json\/wp\/v2\/comments?post=2398"}],"version-history":[{"count":3,"href":"https:\/\/www.sincomerciovc.com.br\/v3\/wp-json\/wp\/v2\/pages\/2398\/revisions"}],"predecessor-version":[{"id":4852,"href":"https:\/\/www.sincomerciovc.com.br\/v3\/wp-json\/wp\/v2\/pages\/2398\/revisions\/4852"}],"wp:attachment":[{"href":"https:\/\/www.sincomerciovc.com.br\/v3\/wp-json\/wp\/v2\/media?parent=2398"}],"curies":[{"name":"wp","href":"https:\/\/api.w.org\/{rel}","templated":true}]}}